{"id":688,"date":"2025-08-31T16:19:44","date_gmt":"2025-08-31T14:19:44","guid":{"rendered":"https:\/\/www.reunissonsmeylan.fr\/?page_id=688"},"modified":"2025-12-10T13:01:02","modified_gmt":"2025-12-10T12:01:02","slug":"accueil-bis","status":"publish","type":"page","link":"https:\/\/www.reunissonsmeylan.fr\/","title":{"rendered":"Accueil"},"content":{"rendered":"\n<figure class=\"wp-block-image size-full\"><img loading=\"lazy\" decoding=\"async\" width=\"300\" height=\"134\" src=\"https:\/\/www.reunissonsmeylan.fr\/wp-content\/uploads\/2021\/10\/logo-RM-meylan-2021-e1634139058884.png\" alt=\"\" class=\"wp-image-7\"\/><\/figure>\n\n\n\n<h2 class=\"wp-block-heading\"><\/h2>\n\n\n\n<p>Depuis 2019, nous avons \u00e9t\u00e9 \u00e0 votre \u00e9coute, nous vous avons rencontr\u00e9s lors des \u00e9v\u00e8nements communaux, lors des comm\u00e9morations, sur le march\u00e9, lors de nos permanences&#8230;<\/p>\n\n\n\n<p>Depuis leur \u00e9lection en 2020, les \u00e9lus du groupe \u00ab\u00a0R\u00e9unissons Meylan ont relay\u00e9 vos attentes et port\u00e9 votre voix lors des s\u00e9ances du conseil municipal et aupr\u00e8s de la majorit\u00e9 municipale.<\/p>\n\n\n\n<p class=\"has-contrast-color has-text-color has-link-color wp-elements-2354f66570bfcf283c3940d29ff977c6\">Une nouvelle campagne pour les \u00e9lections municipales de mars 2026 va se lancer. Un projet va se construire pour et avec les Meylanais. Nous avons donc d\u00e9cid\u00e9 de mettre l&rsquo;association \u00ab\u00a0R\u00e9unissons Meylan\u00a0\u00bb en pause et toutes les personnes qui le souhaitent peuvent d\u00e9sormais s&rsquo;engager pour soutenir l&rsquo;\u00e9quipe r\u00e9unie autour de Jo\u00eblle Hours, candidate aux \u00e9lections municipales des 15 et 22 mars 2026 (<a href=\"mailto:contact@joelle-hours.fr\" target=\"_blank\" rel=\"noreferrer noopener\">contact@joelle-hours.fr<\/a>). Retrouvez toutes les informations sur la campagne sur le site d\u00e9di\u00e9 : <\/p>\n\n\n\n<p class=\"has-text-align-center has-text-color has-link-color has-x-large-font-size wp-elements-6a23a5f32c20df30f98c55846191c4ee\" style=\"color:#f18700\"><a href=\"https:\/\/joelle-hours.fr\"><strong>joelle-hours.fr<\/strong><\/a><\/p>\n\n\n\n<p>Nous vous remercions sinc\u00e8rement pour votre soutien et votre confiance depuis plus de six ans et avons h\u00e2te de vous retrouver pour la campagne qui s&rsquo;annonce.<\/p>\n\n\n\n<p><\/p>\n","protected":false},"excerpt":{"rendered":"<p>Depuis 2019, nous avons \u00e9t\u00e9 \u00e0 votre \u00e9coute, nous vous avons rencontr\u00e9s lors des \u00e9v\u00e8nements communaux, lors des comm\u00e9morations, sur le march\u00e9, lors de nos permanences&#8230; Depuis leur \u00e9lection en 2020, les \u00e9lus du groupe \u00ab\u00a0R\u00e9unissons Meylan ont relay\u00e9 vos attentes et port\u00e9 votre voix lors des s\u00e9ances du conseil municipal et aupr\u00e8s de la &#8230; <a title=\"Accueil\" class=\"read-more\" href=\"https:\/\/www.reunissonsmeylan.fr\/\" aria-label=\"En savoir plus sur Accueil\">Lire la suite<\/a><\/p>\n","protected":false},"author":1,"featured_media":0,"parent":0,"menu_order":0,"comment_status":"closed","ping_status":"closed","template":"","meta":{"footnotes":""},"class_list":["post-688","page","type-page","status-publish"],"_links":{"self":[{"href":"https:\/\/www.reunissonsmeylan.fr\/index.php?rest_route=\/wp\/v2\/pages\/688","targetHints":{"allow":["GET"]}}],"collection":[{"href":"https:\/\/www.reunissonsmeylan.fr\/index.php?rest_route=\/wp\/v2\/pages"}],"about":[{"href":"https:\/\/www.reunissonsmeylan.fr\/index.php?rest_route=\/wp\/v2\/types\/page"}],"author":[{"embeddable":true,"href":"https:\/\/www.reunissonsmeylan.fr\/index.php?rest_route=\/wp\/v2\/users\/1"}],"replies":[{"embeddable":true,"href":"https:\/\/www.reunissonsmeylan.fr\/index.php?rest_route=%2Fwp%2Fv2%2Fcomments&post=688"}],"version-history":[{"count":10,"href":"https:\/\/www.reunissonsmeylan.fr\/index.php?rest_route=\/wp\/v2\/pages\/688\/revisions"}],"predecessor-version":[{"id":708,"href":"https:\/\/www.reunissonsmeylan.fr\/index.php?rest_route=\/wp\/v2\/pages\/688\/revisions\/708"}],"wp:attachment":[{"href":"https:\/\/www.reunissonsmeylan.fr\/index.php?rest_route=%2Fwp%2Fv2%2Fmedia&parent=688"}],"curies":[{"name":"wp","href":"https:\/\/api.w.org\/{rel}","templated":true}]}}